factor of 60 and l.
12
Suppose -9 = 5*m + 3*a - 3334, 4*m - 2660 = -3*a. What is the greatest common divisor of 399 and m?
133
Let n(r) = 9*r + 11. Let b be n(5). Suppose -240*h = 15*h + 23*h - 11676. What is the highest common divisor of b and h?
14
Suppose 14*w - 12*w = 6. Suppose -2*b = 5*a - 88, 0 = w*a - 5*b - 33 + 5. Let r = 5 - 3. What is the highest common divisor of r and a?
2
Let o be 7638109/42671 - (1*2)/((-2)/(-4)). Let c(f) = -f**2 + 1 + 3*f**2 + 4*f**2. Let a be c(2). Calculate the highest common factor of o and a.
25
Suppose 23*z - 400 = -y + 19*z, -3*y + 2*z + 1256 = 0. What is the highest common divisor of 288 and y?
32
Let v = 22 + -18. Suppose -v*t = -128 - 192. Let x = -42 + t. What is the greatest common factor of x and 19?
19
Let g(x) = -93*x - 8. Let p be g(-3). Suppose 4*s - 3*k - p = 0, -2*k + 182 = -4*s + 7*s. Calculate the greatest common factor of s and 32.
32
Suppose 10*l = -26*l + 108. Calculate the greatest common divisor of l and 2871.
3
Suppose -3*n = 2*f - 5107, 709 - 9254 = -5*n + 5*f. Calculate the greatest common divisor of 22 and n.
11
Let n(a) = 26*a - 19. Suppose 0 = 4*h - w - 4, -2*h - 2*h - 3*w = -4. Let j be n(h). What is the greatest common factor of j and 7?
7
Let h(g) = 6*g + 4. Let l be h(-6). Let k = l + 50. Let u be -7*468/(-273) + 22*6. Calculate the greatest common divisor of u and k.
18
Suppose -2*d + 6308 = -4*g + 9*g, -g = -2*d - 1264. What is the highest common divisor of 2 and g?
2
Let j = -7 - -13. Let z be (15 - 114) + (-1 - -1)/2. Let d = z - -102. What is the greatest common factor of d and j?
3
Let q = -2914 + 3262. What is the greatest common divisor of q and 1914?
174
Let j(v) = v**3 - 3*v**2 + 3*v + 11. Let w be j(0). Suppose -w*n + 13*n - 32 = 0. Calculate the highest common divisor of 1 and n.
1
Let q(n) = 2*n**2 - 5*n - 101. Let x be q(17). What is the highest common factor of x and 1274?
98
Suppose 3*s - 5*s = -130. Suppose 2*f - 318 = -4*k, 41*f + 2*k = 36*f + 835. What is the highest common divisor of f and s?
13
Suppose -5*v = -9 - 1. Let w be (2 - 4)*(1 - (-5)/v). Let o be (3/2 - w/(-7))*12. Calculate the greatest common factor of 3 and o.
3
Suppose 4*h + 18 = -2*h. Let p be 12 + 1/(-2)*-2 - h. Let n = 124 - p. Calculate the greatest common factor of 12 and n.
12
Let a(v) be the third derivative of -5*v**4/8 - 41*v**3/6 - 20*v**2 - 4*v. Let d be a(-3). What is the highest common divisor of d and 94?
2
Let z(n) = -35*n - 33. Suppose -4*q + 5*x - 63 = 0, -6*q + 4*q - 3*x - 15 = 0. Let j be z(q). What is the greatest common divisor of 86 and j?
43
Let o(v) = -18*v**3 - 3*v - 5. Let z be o(-2). Suppose 4*a = 5*k - z, -3*a + 8*a + 5*k = -125. Let g = 44 + a. What is the highest common divisor of 98 and g?
14
Let u(i) = i + 45. Let h be u(-33). Suppose -3*g - 12 = -3*a, 3*a - 16 = -g + h. Let f = 26 + -16. Calculate the greatest common factor of a and f.
2
Suppose -105321*w + 105312*w = -36. Let q be -32*(1 + -2)*1. Suppose -g + q = g. Calculate the highest common factor of w and g.
4
Let g be (-1)/(-1) - (236 + -239). Calculate the highest common divisor of 3548 and g.
4
Suppose -13*q + 2*j = -133, -4*j + 4 = 3*q - 49. Let k(v) = -v**3 + 2*v**2 + 13*v - 3. Let r be k(-10). What is the greatest common factor of r and q?
11
Let f = 291 + -181. Suppose -12*a = -1190 + f. What is the highest common factor of 225 and a?
45
Suppose -3*n = 6*v - 4*v - 81, 7*n - v - 223 = 0. Calculate the highest common factor of 713 and n.
31
Let h(p) = 12*p**2 + 6*p - 9. Let o be h(3). Suppose q + o = 162. What is the greatest common divisor of 108 and q?
9
Suppose 6*u - 29333 = 10471. Calculate the greatest common factor of u and 62.
62
Let j(n) = n**2 + 124*n - 1550. Let g be j(13). What is the highest common factor of g and 17787?
231
Suppose 49 = -2*z + 59. Suppose -3*u + 7*u - 160 = 0. What is the highest common divisor of u and z?
5
Let t be 13 - 24 - (-4832)/4. Calculate the greatest common divisor of t and 189.
63
Suppose 357 = -8*m + 877. Let c be (4 + -2)*(-78)/(-3). Calculate the highest common factor of m and c.
13
Suppose -3*b + 2*j = -4201, -3*b = 16*j - 20*j - 4211. Calculate the greatest common factor of b and 33.
11
Suppose -4*j - 3*h = -3825, -28*h = -2*j - 33*h + 1895. What is the highest common factor of j and 1760?
160
Suppose -3*h - 161 = -3*r - 4*h, 5*r + h = 265. Calculate the highest common factor of 598 and r.
26
Let u(x) = x**2 - 134*x + 2556. Let r be u(111). Calculate the greatest common factor of r and 15093.
3
Let q = -30 - -72. Suppose -971*v + 110*v - 12*v + 10476 = 0. Calculate the greatest common factor of v and q.
6
Let i be 32/6*237/158. Suppose 0 = n - 10 + 1. Suppose -7*c - 12 = -n*c. What is the greatest common factor of c and i?
2
Suppose -19*b = -13*b - 12. Suppose 234 - 278 = -b*h. What is the highest common divisor of h and 154?
22
Suppose -37667 = -2*n + c, -8*c = -4*n - 1827 + 77167. Calculate the greatest common divisor of 37 and n.
37
Let o(b) = -2*b**2 - 151*b + 201. Let q be o(-75). Calculate the highest common factor of 132 and q.
12
Suppose 17 + 48 = 5*v. Suppose 94*g = -1262 + 6150. Calculate the highest common divisor of g and v.
13
Let o = -502 + 508. Suppose -2 = -4*k - o, -80 = -4*p - 4*k. Calculate the greatest common factor of p and 1.
1
Let y(s) = -608*s - 380. Let u be y(-3). Calculate the highest common factor of u and 4.
4
Suppose 4*z = -2*n + 1444, -68*z + 8 = -66*z. What is the highest common factor of n and 17?
17
Suppose 3*m - 86 = -20. Let s be -5 - (-4 - 3) - (-3)/1. Suppose -2*q + s*q = 33. Calculate the greatest common factor of q and m.
11
Let b be (-3)/(-21) - (-1)/(-7). Suppose b = 2*j + 2*r - 58, -35 = -2*j - r + 19. What is the greatest common divisor of 1025 and j?
25
Let c = 36 + -45. Let p = -8 - c. Let o be (288/80)/((2*p)/10). Calculate the greatest common factor of 126 and o.
18
Suppose -3*a - a - y = -3266, 4*a + 4*y - 3272 = 0. Suppose -452*z = -484*z + 1632. What is the greatest common factor of z and a?
51
Suppose -133*v + 117*v = -2576. What is the highest common factor of v and 437?
23
Let n = 36109 - 26626. What is the highest common factor of 87 and n?
87
Let k be (36 - 2)/(1 + 0). Suppose -n = -8 + 11, d + 3*n = 13. Suppose -18*v - 408 = -d*v. Calculate the highest common divisor of v and k.
34
Let q be (-3 - -1)*-1*2. Let y = 98 - 266. Let x = y - -170. What is the greatest common divisor of q and x?
2
Let d be (22500/(-270))/((-6)/9 + 0). Calculate the highest common factor of 400 and d.
25
Let j(n) = n**3 - 13*n**2 + n. Let s(b) = b**3 - 13*b**2 + 2*b. Let h(m) = -6*j(m) + 5*s(m). Let l be h(12). What is the greatest common divisor of l and 12?
12
Suppose -2 - 19 = -3*p. Let t = 400 + -398. Let v be 1482/91 - t/p. What is the highest common divisor of 208 and v?
16
Let g be (3 - 2) + -85*18/(-90). Suppose -w = -3*w + 162. What is the highest common divisor of w and g?
9
Let q = -351 + 345. Let b be 6 + 3/q*(-40)/4. Calculate the highest common divisor of b and 33.
11
Let l(h) = -14*h - 4. Let g be l(-5). Let t = -30896 - -30908. Calculate the highest common divisor of g and t.
6
Suppose -100 = 40*l + 140. Let z(d) = 12*d + 101. Let q be z(l). Calculate the highest common factor of q and 377.
29
Let t = 57 - 61. Let g be (t + (-10)/(-3))*3/(-1). Suppose n + 0*n - g*d = 80, -306 = -4*n + d. Calculate the greatest common factor of 19 and n.
19
Let v be (-4)/6 + 106/6. Let d = 377 - 347. Let c = 89 + d. What is the highest common divisor of c and v?
17
Suppose -4*q + 14 = 5*h, 0 = 3*q - 7*h + 9*h - 14. Let m be q/(-3)*290/(-5). Calculate the greatest common divisor of m and 16.
4
Let f be -1 - (37/5)/((-4)/(-40)). Let s be (66/55)/((-3)/f). What is the highest common factor of 42 and s?
6
Let j be -3*(20 + 2232/(-54)). What is the highest common divisor of 2848 and j?
32
Suppose 7*c + 1473 = 2173. Suppose -3*y = 2*y - 400. Suppose -2*k + 4*k = y. Calculate the greatest common factor of c and k.
20
Let c = -46 - -262. Suppose 6*t + 0*t = t. Suppose t = 8*y - 99 - 117. What is the greatest common divisor of y and c?
27
Let r = 153 - -2728. What is the highest common factor of r and 43?
43
Let l(d) = -4*d**3 + d**2 + d - 1. Let h be l(-1). Let c be (h + 153/(-6))*2. Let o be 0 - (-9)/(c/(-70)). What is the gr